et c(x) = x**3 - x - 5. What is c(0)?
-5
Let m(x) = x**2 - 20*x + 41. Calculate m(21).
62
Let k(r) = r**3 - 11*r**2 - 2*r + 16. What is k(11)?
-6
Let b(j) = j + 8. Determine b(-6).
2
Let v(o) = -49*o + 10. Calculate v(3).
-137
Let y(n) = n**3 - 15*n**2 - 2*n + 12. Determine y(15).
-18
Let z(f) = f**3 + 37*f**2 - 43*f - 176. Give z(-38).
14
Let v(p) = p**3 + 6*p**2 + 17*p + 35. Determine v(-4).
-1
Let c(h) = h**3 + 5*h**2 - 8*h + 2. Determine c(-6).
14
Let f(z) = 11*z - 57. Determine f(7).
20
Let y(g) = -g**2 - 13*g - 15. Calculate y(-12).
-3
Let r(o) = 2*o**2 + 11*o + 15. Determine r(-7).
36
Let q(w) = w**2 - w + 7. What is q(3)?
13
Let i(w) = -10*w - 4. Give i(4).
-44
Let h(y) = -y + 1. Give h(6).
-5
Let b(g) = g**3 - 19*g**2 + 16*g + 23. What is b(18)?
-13
Let u(q) = q**2 + q - 10. Give u(4).
10
Let b(l) = -l**3 - 9*l**2 - 5*l + 9. Give b(-8).
-15
Let n(d) = 22*d + 98. Determine n(-6).
-34
Let s(m) = -5*m + 30. Give s(8).
-10
Let h(z) = -z**3 - 7*z**2 + 2*z - 4. Give h(-7).
-18
Let r(i) = -2*i**2 + 3*i + 3. Calculate r(4).
-17
Let i(u) = -u + 38. What is i(0)?
38
Let t(u) = -79*u - 148. Give t(-2).
10
Let w(d) = -d**3 + 6*d**2 + d + 9. Give w(6).
15
Let q(p) = 4*p + 34. Give q(-11).
-10
Let p(m) = m**2 + 6*m - 6. Calculate p(3).
21
Let n(y) = -y**2 - 12*y - 9. Calculate n(-11).
2
Let u(h) = -h**3 + 28*h**2 + 2*h - 42. What is u(28)?
14
Let k(r) = r**3 - 17*r**2 - 18*r - 5. Calculate k(18).
-5
Let l(g) = -11*g. Calculate l(1).
-11
Let u(w) = -w**3 + 7*w**2 + 9*w - 3. Determine u(8).
5
Let k(d) = -d**3 - 36*d**2 - 150*d - 6. Calculate k(-5).
-31
Let x(n) = n**2 + 62*n - 201. Determine x(3).
-6
Let l(x) = -9*x**3 - x**2 - x + 6. What is l(2)?
-72
Let y(n) = n**3 + 8*n**2 + 10*n + 9. Determine y(-6).
21
Let k(v) = -71*v - 1. Determine k(1).
-72
Let q(d) = -d**3 + 18*d**2 - 31*d - 7. Give q(16).
9
Let k(r) = -r**2 + r - 5. Give k(3).
-11
Let d(l) = l**2 - l - 9. Calculate d(3).
-3
Let d(i) = i**3 + 46*i**2 - 4*i - 180. Give d(-46).
4
Let n(b) = -b**2 + 66*b - 129. Determine n(2).
-1
Let g(x) = -x**2 + 10*x. What is g(7)?
21
Let q(w) = 4*w**2 + 3. Determine q(2).
19
Let r(s) = 20*s**2 - 4*s - 3. Calculate r(1).
13
Let h(t) = -t**3 + 6*t**2 - 7*t + 3. What is h(5)?
-7
Let h(d) = d**3 + 6*d**2 + d + 14. Give h(-6).
8
Let p(a) = -a**2 - 5*a + 2. What is p(-6)?
-4
Let r(o) = 2*o + 26. Determine r(-15).
-4
Let v(i) = 3*i**2 - 7*i - 11. Calculate v(6).
55
Let i(p) = 3*p + 18. Determine i(-3).
9
Let w(h) = h**3 + 2*h**2 - 61*h - 14. Give w(7).
0
Let c(g) = -g**2 + 5*g + 45. Give c(10).
-5
Let w(c) = -c**3 + 13*c**2 - 4*c + 59. What is w(13)?
7
Let z(f) = f**2 + 6*f + 9. What is z(-7)?
16
Let m(k) = k**3 - 15*k**2 + 48*k - 137. Give m(12).
7
Let m(w) = -w**3 + 7*w**2 - 5*w - 3. What is m(5)?
22
Let s(b) = -b**3 - 7*b**2 + 2*b. Determine s(-6).
-48
Let r(h) = -34*h + 25. Give r(5).
-145
Let g(o) = 2*o**3 + 10*o**2 - 8*o + 12. Give g(-6).
-12
Let m(o) = o**3 - 11*o**2 + 29*o - 13. Give m(7).
-6
Let c(b) = b - 15. What is c(10)?
-5
Let k(f) = -f**3 - 9*f**2 - 5. What is k(-8)?
-69
Let n(c) = c**3 - 6*c**2 + 4*c + 2. What is n(5)?
-3
Let t(f) = f**3 - 26*f**2 + 168*f - 6. What is t(14)?
-6
Let l(w) = 5*w + 8. What is l(4)?
28
Let n(w) = -w**2 - 4. Give n(-2).
-8
Let u(c) = 20*c - 8. Calculate u(-5).
-108
Let y(l) = -23*l**2 + 4*l - 4. Calculate y(2).
-88
Let h(q) = -11*q**2 - 2*q. What is h(-2)?
-40
Let h(y) = -24*y - 1. Determine h(3).
-73
Let k(j) = 3*j + 47. Give k(-8).
23
Let z(u) = -4*u + 39. Give z(8).
7
Let v(q) = 43*q + 455. Calculate v(-11).
-18
Let k(p) = -p**3 + 23*p**2 - 2*p + 53. Determine k(23).
7
Let h(a) = a**2 - 24*a - 42. Calculate h(26).
10
Let j(r) = -2*r - 30. Calculate j(-10).
-10
Let p(a) = 2*a**2 + 44*a + 4. Determine p(-22).
4
Let a(s) = -2*s - 8. Give a(-11).
14
Let j(o) = -24*o + 811. What is j(34)?
-5
Let u(b) = b**3 - 7*b**2 + 7*b - 3. Give u(4).
-23
Let r(q) = -q**2 - 4*q + 6. Determine r(-7).
-15
Let g(f) = 15*f + 2. Calculate g(-2).
-28
Let a(o) = o**2 - 4*o + 6. Calculate a(4).
6
Let n(i) = 2*i**2 + 4*i - 23. Determine n(-6).
25
Let s(r) = -9*r**2 - 99*r - 1. Give s(-11).
-1
Let s(q) = -q**3 - 14*q**2 - 14*q + 1. What is s(-13)?
14
Let i(c) = c**2 - 3*c - 5. Calculate i(-5).
35
Let b(l) = -4*l**2 + 4*l - 3. What is b(2)?
-11
Let u(v) = -8*v - 2. Calculate u(1).
-10
Let v(w) = -2*w**3 - 66*w**2 + 2*w + 46. What is v(-33)?
-20
Let q(h) = -h**2 + 23*h + 6. Determine q(0).
6
Let d(n) = n**3 - 10*n**2 + 9*n + 12. Determine d(9).
12
Let k(d) = d**3 - 25*d**2 + 49*d - 45. Give k(23).
24
Let h(r) = -17*r**2 + 4*r + 1. Determine h(-1).
-20
Let b(o) = -o**3 + 4*o**2 - 5*o + 5. Calculate b(5).
-45
Let t(k) = k**3 + 6*k**2 + 5*k + 9. Calculate t(-4).
21
Let a(v) = 2*v**3 - 19*v**2 - 11*v - 1. Calculate a(10).
-11
Let m(d) = 4*d**3 - 9*d + 8. Give m(1).
3
Let q(j) = 8*j - 92. Give q(10).
-12
Let a(i) = -9*i - 1. What is a(-2)?
17
Let m(b) = 9*b**2 + 2*b. What is m(2)?
40
Let x(o) = o**3 - 7*o**2 - o + 7. What is x(7)?
0
Let q(a) = a**3 + 2*a**2 - 3*a. Calculate q(2).
10
Let b(h) = -h**2 + 42*h - 192. Calculate b(37).
-7
Let r(j) = -j**3 - 7*j**2 + 6*j - 9. What is r(-9)?
99
Let c(m) = -37*m**3 + 2*m**2 - 2*m + 1. Determine c(1).
-36
Let g(j) = -2*j**3 - 2*j**2 + 3*j + 10. What is g(-2)?
12
Let m(a) = 5*a - 55. Give m(10).
-5
Let s(g) = g + 12. Calculate s(-13).
-1
Let t(y) = -y**3 - 55*y**2 + y + 65. Determine t(-55).
10
Let k(h) = h**2 - 10*h - 57. Give k(-4).
-1
Let o(f) = -8*f - 347. Calculate o(-43).
-3
Let i(h) = -h**3 + 6*h**2 + 16. What is i(7)?
-33
Let j(a) = 2*a + 1. What is j(-4)?
-7
Let z(w) = w**3 - 12*w**2 + 14*w - 7. Give z(11).
26
Let u(x) = x - 9. Determine u(10).
1
Let g(f) = -f**3 + 5*f**2 - 6*f + 6. What is g(4)?
-2
Let s(q) = -q**2 - 9*q - 18. Determine s(-4).
2
Let f(z) = -6*z**2 + z. What is f(1)?
-5
Let c(x) = -2*x - 34. Give c(-14).
-6
Let d(v) = 77*v + 919. Determine d(-12).
-5
Let z(s) = -s - 6. Give z(3).
-9
Let z(j) = 27*j + 21. Calculate z(-3).
-60
Let y(a) = 3*a**2 + 17*a + 2. Give y(-6).
8
Let f(j) = -j**2 + 15*j - 9. What is f(14)?
5
Let a(b) = b - 24. Determine a(-9).
-33
Let p(o) = -o**2 + 7*o + 2. Give p(6).
8
Let s(y) = -y**2 + 15*y + 10. Determine s(15).
10
Let a(y) = y**3 + 2*y**2 + 8*y + 11. Determine a(0).
11
Let o(k) = 3*k + 64. Give o(8).
88
Let q(o) = o**3 - o**2 + 2*o + 17. What is q(0)?
17
Let o(q) = -12*q + 2. Give o(2).
-22
Let g(h) = -h**2 + 6*h + 25. Give g(-3).
-2
Let n(v) = 2*v - 18. Determine n(8).
-2
Let k(w) = w - 10. What is k(-19)?
-29
Let t(v) = -v**3 + 27*v**2 - 51*v + 22. What is t(25)?
-3
Let m(o) = o**2 + 16*o + 61. Determine m(-7).
-2
Let z(g) = -g - 22. Calculate z(0).
-22
Let c(f) = 6*f**2 + 71*f + 2. Give c(-12).
14
Let c(t) = 3*t**2 - 4*t + 5. What is c(5)?
60
Let f(l) = 4*l + 2. Calculate f(4).
18
Let z(h) = h**2 - 26*h + 147. Calculate z(17).
-6
Let h(d) = -8*d - 76. Determine h(-9).
-4
Let r(a) = -10*a**2 - 2*a - 1. Determine r(-1).
-9
Let z(m) = 2*m**3 - 35*m**2 + 16*m + 19. What is z(17)?
2
Let n(u) = 6*u**2 + 32*u + 12. Calculate n(-5).
2
Let i(h) = -4*h**2 - 52*h - 11. Give i(-13).
-11
Let l(j) = j**3 - 9*j**2 - 23*j - 1. Determine l(11).
-12
Let n(x) = -x**2 + 7*x. Give n(7).
0
Let k(f) = -f**2 - 6*f + 10. Give k(-7).
3
Let u(f) = -28*f**2 - 3*f + 2. Determine u(1).
-29
Let r(l) = -l**3 - 8*l**2 + 19*l + 12. Give r(-10).
22
Let g(a) = 3*a**2 + 2*a - 1. Give g(2).
15
Let k(d) = d**3 + 8*d**2 + 13*d + 23. Determine k(-6).
17
Let b(f) = f**3 - 7*f**2 - 2*f + 4. Give b(7).
-10
Let l(j) = 25*j**3 - j**2 + 3. Determine l(2).
199
Let h(d) = d + 2. Calculate h(-2).
0
Let z(x) = -7*x**3 - x**2 + 2. Calculate z(1).
-6
Let g(l) = -l**3 + 4*l**2 + 6*l - 4. What is g(5)?
1
Let x(w) = 22*w - 1. Give x(1).
21
Let x(z) = 6*z - 3. What is x(4)?
21
Let z(m) = -3*m**2 - 10*m - 6. Give z(-6).
-54
Let q(n) = 2*n + 26. Calculate q(0).
26
Let m(q) = -q + 4. Determine m(7).
-3
Let k(l) = -2*l**2 + 3*l - 1. Determine k(2).
-3
Let y(f) = -f**2 - 15*f + 3. Determine y(-16).
-13
Let t(v) = v**3 + 31*v**2 - 63*v + 104. Determine t(-33).
5
Let x(t) = -t**3 + 7*t**2 + 17*t - 21. What is x(9)?
-30
Let k(s) = 11*s + 116. What is k(-10)?
6
Let a(l) = l**2 - 14*l - 24. What is a(15)?
-9
Let j(l) = 6*l + 14. Calculate j(-4).
-10
Let m(d) = d**2 - 7*d - 7. What is m(9)?
11
Let r(l) = 4*l**3 - 3*l**